[INFO] cloning repository https://github.com/abeyonalaja/rust-blog
[INFO] running `Command { std: "git" "-c" "credential.helper=" "-c" "credential.helper=/workspace/cargo-home/bin/git-credential-null" "clone" "--bare" "https://github.com/abeyonalaja/rust-blog" "/workspace/cache/git-repos/https%3A%2F%2Fgithub.com%2Fabeyonalaja%2Frust-blog", kill_on_drop: false }`
[INFO] [stderr] Cloning into bare repository '/workspace/cache/git-repos/https%3A%2F%2Fgithub.com%2Fabeyonalaja%2Frust-blog'...
[INFO] running `Command { std: "git" "rev-parse" "HEAD", kill_on_drop: false }`
[INFO] [stdout] 8d6b89b4c047733131b39de38ac388ce9159c33f
[INFO] checking abeyonalaja/rust-blog against try#72f88fc4e9458f89516a0b8b0868f3718aec5b47 for pr-74989
[INFO] running `Command { std: "git" "clone" "/workspace/cache/git-repos/https%3A%2F%2Fgithub.com%2Fabeyonalaja%2Frust-blog" "/workspace/builds/worker-6/source", kill_on_drop: false }`
[INFO] [stderr] Cloning into '/workspace/builds/worker-6/source'...
[INFO] [stderr] done.
[INFO] validating manifest of git repo https://github.com/abeyonalaja/rust-blog on toolchain 72f88fc4e9458f89516a0b8b0868f3718aec5b47
[INFO] running `Command { std: "/workspace/cargo-home/bin/cargo" "+72f88fc4e9458f89516a0b8b0868f3718aec5b47" "read-manifest" "--manifest-path" "Cargo.toml", kill_on_drop: false }`
[INFO] started tweaking git repo https://github.com/abeyonalaja/rust-blog
[INFO] finished tweaking git repo https://github.com/abeyonalaja/rust-blog
[INFO] tweaked toml for git repo https://github.com/abeyonalaja/rust-blog written to /workspace/builds/worker-6/source/Cargo.toml
[INFO] crate git repo https://github.com/abeyonalaja/rust-blog already has a lockfile, it will not be regenerated
[INFO] running `Command { std: "/workspace/cargo-home/bin/cargo" "+72f88fc4e9458f89516a0b8b0868f3718aec5b47" "fetch" "--locked" "--manifest-path" "Cargo.toml", kill_on_drop: false }`
[INFO] [stderr]  Downloading crates ...
[INFO] [stderr]   Downloaded aho-corasick v0.7.7
[INFO] [stderr]   Downloaded indexmap v1.3.1
[INFO] running `Command { std: "docker" "create" "-v" "/var/lib/crater-agent-workspace/builds/worker-6/target:/opt/rustwide/target:rw,Z" "-v" "/var/lib/crater-agent-workspace/builds/worker-6/source:/opt/rustwide/workdir:ro,Z" "-v" "/var/lib/crater-agent-workspace/cargo-home:/opt/rustwide/cargo-home:ro,Z" "-v" "/var/lib/crater-agent-workspace/rustup-home:/opt/rustwide/rustup-home:ro,Z" "-e" "SOURCE_DIR=/opt/rustwide/workdir" "-e" "CARGO_TARGET_DIR=/opt/rustwide/target" "-e" "CARGO_HOME=/opt/rustwide/cargo-home" "-e" "RUSTUP_HOME=/opt/rustwide/rustup-home" "-w" "/opt/rustwide/workdir" "-m" "1610612736" "--user" "0:0" "--network" "none" "rustops/crates-build-env@sha256:d92eaeed33fa75130ca1ee6c8a01d1ffb62bac859dfdfb3450e3e5d1c0146529" "/opt/rustwide/cargo-home/bin/cargo" "+72f88fc4e9458f89516a0b8b0868f3718aec5b47" "metadata" "--no-deps" "--format-version=1", kill_on_drop: false }`
[INFO] [stdout] 055e4c3ac80c8be4818a39685f7edb15187a9f50b64ed706aa801bf9a7c0a9dc
[INFO] [stderr] WARNING: Your kernel does not support swap limit capabilities or the cgroup is not mounted. Memory limited without swap.
[INFO] running `Command { std: "docker" "start" "-a" "055e4c3ac80c8be4818a39685f7edb15187a9f50b64ed706aa801bf9a7c0a9dc", kill_on_drop: false }`
[INFO] running `Command { std: "docker" "inspect" "055e4c3ac80c8be4818a39685f7edb15187a9f50b64ed706aa801bf9a7c0a9dc", kill_on_drop: false }`
[INFO] running `Command { std: "docker" "rm" "-f" "055e4c3ac80c8be4818a39685f7edb15187a9f50b64ed706aa801bf9a7c0a9dc", kill_on_drop: false }`
[INFO] [stdout] 055e4c3ac80c8be4818a39685f7edb15187a9f50b64ed706aa801bf9a7c0a9dc
[INFO] running `Command { std: "docker" "create" "-v" "/var/lib/crater-agent-workspace/builds/worker-6/target:/opt/rustwide/target:rw,Z" "-v" "/var/lib/crater-agent-workspace/builds/worker-6/source:/opt/rustwide/workdir:ro,Z" "-v" "/var/lib/crater-agent-workspace/cargo-home:/opt/rustwide/cargo-home:ro,Z" "-v" "/var/lib/crater-agent-workspace/rustup-home:/opt/rustwide/rustup-home:ro,Z" "-e" "SOURCE_DIR=/opt/rustwide/workdir" "-e" "CARGO_TARGET_DIR=/opt/rustwide/target" "-e" "CARGO_INCREMENTAL=0" "-e" "RUST_BACKTRACE=full" "-e" "RUSTFLAGS=--cap-lints=forbid" "-e" "CARGO_HOME=/opt/rustwide/cargo-home" "-e" "RUSTUP_HOME=/opt/rustwide/rustup-home" "-w" "/opt/rustwide/workdir" "-m" "1610612736" "--user" "0:0" "--network" "none" "rustops/crates-build-env@sha256:d92eaeed33fa75130ca1ee6c8a01d1ffb62bac859dfdfb3450e3e5d1c0146529" "/opt/rustwide/cargo-home/bin/cargo" "+72f88fc4e9458f89516a0b8b0868f3718aec5b47" "check" "--frozen" "--all" "--all-targets" "--message-format=json", kill_on_drop: false }`
[INFO] [stdout] 66a69691692482ecd36faf964125b24f5767dacbc002b3d08a3ad1d24dd37863
[INFO] [stderr] WARNING: Your kernel does not support swap limit capabilities or the cgroup is not mounted. Memory limited without swap.
[INFO] running `Command { std: "docker" "start" "-a" "66a69691692482ecd36faf964125b24f5767dacbc002b3d08a3ad1d24dd37863", kill_on_drop: false }`
[INFO] [stderr]    Compiling libc v0.2.66
[INFO] [stderr]    Compiling log v0.4.8
[INFO] [stderr]    Compiling proc-macro2 v1.0.8
[INFO] [stderr]    Compiling byteorder v1.3.2
[INFO] [stderr]    Compiling unicode-xid v0.2.0
[INFO] [stderr]    Compiling syn v1.0.14
[INFO] [stderr]     Checking lazy_static v1.4.0
[INFO] [stderr]     Checking scopeguard v1.0.0
[INFO] [stderr]    Compiling memchr v2.3.0
[INFO] [stderr]     Checking slab v0.4.2
[INFO] [stderr]    Compiling autocfg v0.1.7
[INFO] [stderr]    Compiling unicode-xid v0.1.0
[INFO] [stderr]    Compiling autocfg v1.0.0
[INFO] [stderr]    Compiling syn v0.15.44
[INFO] [stderr]    Compiling getrandom v0.1.14
[INFO] [stderr]     Checking matches v0.1.8
[INFO] [stderr]    Compiling regex-syntax v0.6.14
[INFO] [stderr]    Compiling failure_derive v0.1.6
[INFO] [stderr]     Checking rustc-demangle v0.1.16
[INFO] [stderr]     Checking quick-error v1.2.3
[INFO] [stderr]    Compiling serde v1.0.104
[INFO] [stderr]    Compiling cfg-if v0.1.10
[INFO] [stderr]     Checking percent-encoding v1.0.1
[INFO] [stderr]     Checking linked-hash-map v0.5.2
[INFO] [stderr]    Compiling ryu v1.0.2
[INFO] [stderr]    Compiling crc32fast v1.2.0
[INFO] [stderr]     Checking ppv-lite86 v0.2.6
[INFO] [stderr]    Compiling bitflags v1.2.1
[INFO] [stderr]     Checking arc-swap v0.4.4
[INFO] [stderr]    Compiling httparse v1.3.4
[INFO] [stderr]     Checking percent-encoding v2.1.0
[INFO] [stderr]     Checking language-tags v0.2.2
[INFO] [stderr]     Checking sha1 v0.6.0
[INFO] [stderr]     Checking termcolor v1.1.0
[INFO] [stderr]     Checking actix-service v0.4.2
[INFO] [stderr]     Checking tokio-sync v0.1.7
[INFO] [stderr]    Compiling backtrace-sys v0.1.32
[INFO] [stderr]    Compiling brotli-sys v0.3.2
[INFO] [stderr]    Compiling miniz-sys v0.1.12
[INFO] [stderr]     Checking lock_api v0.3.3
[INFO] [stderr]     Checking unicode-bidi v0.3.4
[INFO] [stderr]     Checking crossbeam-utils v0.6.6
[INFO] [stderr]     Checking thread_local v1.0.1
[INFO] [stderr]     Checking humantime v1.3.0
[INFO] [stderr]    Compiling num-traits v0.2.11
[INFO] [stderr]    Compiling indexmap v1.3.1
[INFO] [stderr]    Compiling num-integer v0.1.42
[INFO] [stderr]     Checking lru-cache v0.1.2
[INFO] [stderr]    Compiling proc-macro2 v0.4.30
[INFO] [stderr]    Compiling rand_pcg v0.1.2
[INFO] [stderr]    Compiling rand_chacha v0.1.1
[INFO] [stderr]    Compiling rand v0.6.5
[INFO] [stderr]    Compiling hashbrown v0.6.3
[INFO] [stderr]    Compiling parking_lot_core v0.6.2
[INFO] [stderr]    Compiling parking_lot v0.9.0
[INFO] [stderr]     Checking idna v0.1.5
[INFO] [stderr]     Checking idna v0.2.0
[INFO] [stderr]     Checking c2-chacha v0.2.3
[INFO] [stderr]     Checking tokio-executor v0.1.9
[INFO] [stderr]     Checking aho-corasick v0.7.7
[INFO] [stderr]    Compiling quote v0.6.13
[INFO] [stderr]    Compiling quote v1.0.2
[INFO] [stderr]     Checking base64 v0.10.1
[INFO] [stderr]     Checking iovec v0.1.4
[INFO] [stderr]     Checking num_cpus v1.12.0
[INFO] [stderr]     Checking net2 v0.2.33
[INFO] [stderr]     Checking rand_os v0.1.3
[INFO] [stderr]     Checking socket2 v0.3.11
[INFO] [stderr]     Checking hostname v0.1.5
[INFO] [stderr]     Checking signal-hook-registry v1.2.0
[INFO] [stderr]     Checking time v0.1.42
[INFO] [stderr]     Checking parking_lot_core v0.7.0
[INFO] [stderr]     Checking atty v0.2.14
[INFO] [stderr]     Checking tokio-timer v0.2.12
[INFO] [stderr]     Checking tokio-current-thread v0.1.6
[INFO] [stderr]     Checking url v1.7.2
[INFO] [stderr]     Checking url v2.1.1
[INFO] [stderr]     Checking bytes v0.4.12
[INFO] [stderr]     Checking threadpool v1.7.1
[INFO] [stderr]     Checking backtrace v0.3.43
[INFO] [stderr]     Checking resolv-conf v0.6.2
[INFO] [stderr]     Checking mio v0.6.21
[INFO] [stderr]     Checking rand_core v0.5.1
[INFO] [stderr]     Checking flate2 v1.0.13
[INFO] [stderr]     Checking signal-hook v0.1.13
[INFO] [stderr]     Checking parking_lot v0.10.0
[INFO] [stderr]     Checking regex v1.3.4
[INFO] [stderr]     Checking rand_chacha v0.2.1
[INFO] [stderr]     Checking scheduled-thread-pool v0.2.3
[INFO] [stderr]     Checking tokio-io v0.1.12
[INFO] [stderr]     Checking http v0.1.21
[INFO] [stderr]     Checking string v0.2.1
[INFO] [stderr]     Checking rand v0.7.3
[INFO] [stderr]     Checking r2d2 v0.8.8
[INFO] [stderr]     Checking mio-uds v0.6.7
[INFO] [stderr]     Checking tokio-reactor v0.1.11
[INFO] [stderr]     Checking tokio-codec v0.1.1
[INFO] [stderr]     Checking chrono v0.4.10
[INFO] [stderr]     Checking actix-codec v0.1.2
[INFO] [stderr]     Checking tokio-tcp v0.1.3
[INFO] [stderr]     Checking tokio-udp v0.1.5
[INFO] [stderr]     Checking tokio-signal v0.2.7
[INFO] [stderr]     Checking actix-utils v0.4.7
[INFO] [stderr]     Checking actix-server-config v0.1.2
[INFO] [stderr]     Checking env_logger v0.7.1
[INFO] [stderr]     Checking brotli2 v0.3.2
[INFO] [stderr]     Checking h2 v0.1.26
[INFO] [stderr]    Compiling derive_more v0.15.0
[INFO] [stderr]    Compiling enum-as-inner v0.2.1
[INFO] [stderr]    Compiling synstructure v0.12.3
[INFO] [stderr]     Checking actix-threadpool v0.1.2
[INFO] [stderr]     Checking actix-rt v0.2.6
[INFO] [stderr]    Compiling serde_derive v1.0.104
[INFO] [stderr]    Compiling proc-macro-hack v0.5.11
[INFO] [stderr]    Compiling actix-web-codegen v0.1.3
[INFO] [stderr]    Compiling diesel_derives v1.4.1
[INFO] [stderr]     Checking actix-server v0.6.1
[INFO] [stderr]     Checking actix-testing v0.1.0
[INFO] [stderr]     Checking failure v0.1.6
[INFO] [stderr]    Compiling const-random-macro v0.1.8
[INFO] [stderr]     Checking trust-dns-proto v0.7.4
[INFO] [stderr]     Checking dotenv v0.14.1
[INFO] [stderr]     Checking const-random v0.1.8
[INFO] [stderr]     Checking ahash v0.2.18
[INFO] [stderr]     Checking trust-dns-resolver v0.11.1
[INFO] [stderr]     Checking actix-connect v0.2.5
[INFO] [stderr]     Checking diesel v1.4.3
[INFO] [stderr]     Checking serde_json v1.0.46
[INFO] [stderr]     Checking serde_urlencoded v0.6.1
[INFO] [stderr]     Checking actix-router v0.1.5
[INFO] [stderr]     Checking actix-http v0.2.11
[INFO] [stderr]     Checking awc v0.2.8
[INFO] [stderr]     Checking actix-web v1.0.9
[INFO] [stderr]     Checking blog-actix v0.1.0 (/opt/rustwide/workdir)
[INFO] [stdout] error[E0433]: failed to resolve: use of undeclared type or module `routes`
[INFO] [stdout]   --> src/lib.rs:33:28
[INFO] [stdout]    |
[INFO] [stdout] 33 |                 .configure(routes::users::configre)
[INFO] [stdout]    |                            ^^^^^^ use of undeclared type or module `routes`
[INFO] [stdout] 
[INFO] [stdout] 
[INFO] [stdout] warning: unused `#[macro_use]` import
[INFO] [stdout]  --> src/lib.rs:1:1
[INFO] [stdout]   |
[INFO] [stdout] 1 | #[macro_use]
[INFO] [stdout]   | ^^^^^^^^^^^^
[INFO] [stdout]   |
[INFO] [stdout]   = note: `#[warn(unused_imports)]` on by default
[INFO] [stdout] 
[INFO] [stdout] 
[INFO] [stdout] warning: unused `#[macro_use]` import
[INFO] [stdout]  --> src/lib.rs:3:1
[INFO] [stdout]   |
[INFO] [stdout] 3 | #[macro_use]
[INFO] [stdout]   | ^^^^^^^^^^^^
[INFO] [stdout] 
[INFO] [stdout] 
[INFO] [stdout] warning: unused import: `actix_web::App`
[INFO] [stdout]  --> src/errors.rs:3:5
[INFO] [stdout]   |
[INFO] [stdout] 3 | use actix_web::App;
[INFO] [stdout]   |     ^^^^^^^^^^^^^^
[INFO] [stdout] 
[INFO] [stdout] 
[INFO] [stdout] warning: unused import: `middleware`
[INFO] [stdout]  --> src/lib.rs:7:17
[INFO] [stdout]   |
[INFO] [stdout] 7 | use actix_web::{middleware, App, HttpServer};
[INFO] [stdout]   |                 ^^^^^^^^^^
[INFO] [stdout] 
[INFO] [stdout] 
[INFO] [stdout] warning: unused import: `diesel::pg::Pg`
[INFO] [stdout]  --> src/lib.rs:8:5
[INFO] [stdout]   |
[INFO] [stdout] 8 | use diesel::pg::Pg;
[INFO] [stdout]   |     ^^^^^^^^^^^^^^
[INFO] [stdout] 
[INFO] [stdout] 
[INFO] [stdout] error[E0433]: failed to resolve: use of undeclared type or module `routes`
[INFO] [stdout]   --> src/lib.rs:33:28
[INFO] [stdout]    |
[INFO] [stdout] 33 |                 .configure(routes::users::configre)
[INFO] [stdout]    |                            ^^^^^^ use of undeclared type or module `routes`
[INFO] [stdout] 
[INFO] [stdout] 
[INFO] [stdout] warning: unused `#[macro_use]` import
[INFO] [stdout]  --> src/lib.rs:1:1
[INFO] [stdout]   |
[INFO] [stdout] 1 | #[macro_use]
[INFO] [stdout]   | ^^^^^^^^^^^^
[INFO] [stdout]   |
[INFO] [stdout]   = note: `#[warn(unused_imports)]` on by default
[INFO] [stdout] 
[INFO] [stdout] 
[INFO] [stdout] warning: unused `#[macro_use]` import
[INFO] [stdout]  --> src/lib.rs:3:1
[INFO] [stdout]   |
[INFO] [stdout] 3 | #[macro_use]
[INFO] [stdout]   | ^^^^^^^^^^^^
[INFO] [stdout] 
[INFO] [stdout] 
[INFO] [stdout] warning: unused import: `actix_web::App`
[INFO] [stdout]  --> src/errors.rs:3:5
[INFO] [stdout]   |
[INFO] [stdout] 3 | use actix_web::App;
[INFO] [stdout]   |     ^^^^^^^^^^^^^^
[INFO] [stdout] 
[INFO] [stdout] 
[INFO] [stdout] warning: unused import: `middleware`
[INFO] [stdout]  --> src/lib.rs:7:17
[INFO] [stdout]   |
[INFO] [stdout] 7 | use actix_web::{middleware, App, HttpServer};
[INFO] [stdout]   |                 ^^^^^^^^^^
[INFO] [stdout] 
[INFO] [stdout] 
[INFO] [stdout] warning: unused import: `diesel::pg::Pg`
[INFO] [stdout]  --> src/lib.rs:8:5
[INFO] [stdout]   |
[INFO] [stdout] 8 | use diesel::pg::Pg;
[INFO] [stdout]   |     ^^^^^^^^^^^^^^
[INFO] [stdout] 
[INFO] [stdout] 
[INFO] [stdout] error[E0277]: the trait bound `ErrorResponse: serde::ser::Serialize` is not satisfied
[INFO] [stdout]   --> src/errors.rs:59:22
[INFO] [stdout]    |
[INFO] [stdout] 59 |         builder.json(ErrorResponse { err })
[INFO] [stdout]    |                      ^^^^^^^^^^^^^^^^^^^^^ the trait `serde::ser::Serialize` is not implemented for `ErrorResponse`
[INFO] [stdout] 
[INFO] [stdout] 
[INFO] [stdout] error[E0277]: the trait bound `ErrorResponse: serde::ser::Serialize` is not satisfied
[INFO] [stdout]   --> src/errors.rs:59:22
[INFO] [stdout]    |
[INFO] [stdout] 59 |         builder.json(ErrorResponse { err })
[INFO] [stdout]    |                      ^^^^^^^^^^^^^^^^^^^^^ the trait `serde::ser::Serialize` is not implemented for `ErrorResponse`
[INFO] [stdout] 
[INFO] [stdout] 
[INFO] [stdout] error: aborting due to 2 previous errors; 5 warnings emitted
[INFO] [stdout] 
[INFO] [stdout] 
[INFO] [stdout] Some errors have detailed explanations: E0277, E0433.
[INFO] [stdout] 
[INFO] [stdout] For more information about an error, try `rustc --explain E0277`.
[INFO] [stdout] 
[INFO] [stdout] error: aborting due to 2 previous errors; 5 warnings emitted
[INFO] [stdout] 
[INFO] [stdout] 
[INFO] [stdout] Some errors have detailed explanations: E0277, E0433.
[INFO] [stdout] 
[INFO] [stdout] For more information about an error, try `rustc --explain E0277`.
[INFO] [stdout] 
[INFO] [stderr] error: could not compile `blog-actix`.
[INFO] [stderr] 
[INFO] [stderr] To learn more, run the command again with --verbose.
[INFO] [stderr] warning: build failed, waiting for other jobs to finish...
[INFO] [stderr] error: build failed
[INFO] running `Command { std: "docker" "inspect" "66a69691692482ecd36faf964125b24f5767dacbc002b3d08a3ad1d24dd37863", kill_on_drop: false }`
[INFO] running `Command { std: "docker" "rm" "-f" "66a69691692482ecd36faf964125b24f5767dacbc002b3d08a3ad1d24dd37863", kill_on_drop: false }`
[INFO] [stdout] 66a69691692482ecd36faf964125b24f5767dacbc002b3d08a3ad1d24dd37863
